f*k + 8. Let a(q) = -5 - 2 + 6 - q**2 + k. Calculate a(-2).
-2
Let v(p) = -6*p**2 + 0*p**2 - 27*p + 5*p**2 - 9 + 19*p. Suppose 5*i = i - 20. Let a be v(i). Let w(j) = j**3 - 6*j**2 + j - 3. What is w(a)?
3
Suppose -15*l = 88 + 32. Let j(n) = -n - 15. Give j(l).
-7
Suppose -17 = -3*x - 2*l, 2*l + 2 + 2 = 4*x. Suppose -5*g = -9 - 1. Let z(m) = 0*m - x*m + m + 7*m**g - 8*m**2. Determine z(-1).
1
Let a be 5 + -6 + (2 - -14). Let o = a + -10. Let q(r) = r**3 - 6*r**2 + r + 4. Determine q(o).
-16
Let k(p) = 2*p**2 + 5*p + 2. Let l = -215 + 211. What is k(l)?
14
Let c = 489 + -494. Let k(b) = b**3 + 4*b**2 - 4*b - 12. Calculate k(c).
-17
Let b(c) be the second derivative of -c**5/60 + c**4/6 + 2*c**3/3 - 9*c**2 + 18*c. Let f(g) be the first derivative of b(g). Give f(4).
4
Let d be (-5)/(-3)*600/250. Let o(l) be the second derivative of -3/2*l**2 + 7/12*l**d - 1/20*l**5 - 7/6*l**3 + 0 - 10*l. Give o(6).
-9
Let n(w) = w**2 + 16*w + 8. Let p(m) = -m**2 - 18*m - 9. Let u(k) = -5*n(k) - 4*p(k). Calculate u(-8).
-4
Let x = 462 - 461. Let b(f) = 2*f. Determine b(x).
2
Let h(v) = v**3 - v**2 + 5. Let w(g) be the third derivative of -g**6/60 + g**5/20 - g**4/24 - 11*g**3/6 - 3*g**2. Let n(j) = 5*h(j) + 2*w(j). Determine n(2).
11
Let q be -5 - 0*2/(-4). Let y be 4/(-12)*(q - -2). Suppose -4*m = -2*w, -4*w - 2*m + 11 = y. Let g(i) = -2*i + 3. Determine g(w).
-1
Let r(x) = 10*x**2 + 6*x - 3. Let w be (26/4)/(-1) + 8/(-16). Let a(q) = 5*q - 1 + 6*q**2 - 3*q - 3*q**2. Let z(f) = w*a(f) + 2*r(f). Determine z(-2).
1
Let m(n) = 0*n + n + 4 + 8. Determine m(-7).
5
Suppose d - 8 = -y - d, 4*y - 32 = 5*d. Let h = 6 - y. Let r(v) = -v**3 - v + 1. Let l(t) = -t**3 + 4*t**2 + 6. Let n(b) = h*r(b) + l(b). What is n(-4)?
-4
Let o(g) = g - 9*g - 2*g + 7 + 0*g. Let t(i) = -3*i + 2. Let j(f) = -2*o(f) + 7*t(f). Give j(-2).
2
Let r = 5 + -3. Let b(s) be the first derivative of 0*s - 1/3*s**3 + 5 + 1/2*s**2. Determine b(r).
-2
Let b(c) = 2*c**2 + 6 - c**2 - 7. Let d(j) = -j**2 - 4*j - 6. Let i be d(-3). Let o(p) = p**3 + 2*p**2 - 2*p. Let z be o(i). Determine b(z).
8
Suppose -5*t = 2 + 3, -2*v - 5*t - 11 = 0. Let l(i) = -11*i - 1. What is l(v)?
32
Let l(i) = 2 + 6 - 10 + 14*i**2 + 2185*i + i**3 - 2186*i - 10. Determine l(-14).
2
Let o(y) be the third derivative of 1/6*y**3 + 0*y**5 + 0*y + 1/12*y**4 - 1/20*y**6 - 2*y**2 + 0. Suppose 4*f = -v - v, -f + 3*v - 7 = 0. Give o(f).
5
Suppose -15*l = -19*l + 212. Let f = l - 53. Let w(h) = h + 3. Determine w(f).
3
Let k be (22/(-4))/(11/528). Let l be k/(-68) - 4/(-34). Let y(o) = -o**3 + 4*o**2 + o. Let f be y(l). Let i(z) = 2*z - 4. What is i(f)?
4
Let u(n) = -n**2 + 11*n - 3. Let s be (-32)/208 + 2422/26. Let w = s - 84. What is u(w)?
15
Let m(l) = 518 - 270 - 271 + 4*l. What is m(7)?
5
Let x(u) be the second derivative of u**5/120 - u**4/8 - 2*u**3/3 - 2*u. Let c(l) be the second derivative of x(l). Give c(7).
4
Let j(d) = 2*d**3 + 3*d**2 + 4*d + 3. Suppose -4*n + 4*x = -12, 0 = -2*n + 2*x - 4*x - 6. Suppose 2*b - 4*p = 12, 2*b - p + 0*p = n. Give j(b).
-9
Suppose 15*l = 8*l + 42. Let j(u) be the first derivative of -5 + 0*u**2 - 1/3*u**3 - l*u. What is j(0)?
-6
Suppose 3*o + 120 = 8*o. Let g = 7 - o. Let u = g + 24. Let w(j) = j**2 - 8*j + 5. Calculate w(u).
-2
Let m(s) be the third derivative of s**5/30 + 7*s**4/24 + 2*s**3/3 - 5*s**2. Let b be m(-4). Let h(g) = g**2 + g + 5*g + 3 - b. What is h(-6)?
-5
Suppose i = 19*i + 36. Let z(n) be the second derivative of -n**5/20 + n**4/12 + n**3/3 - n. What is z(i)?
8
Suppose -w + 30 = 4*w. Let j(s) = 2*s**2 - 1 + w*s + 2 + 3 - s**2. Give j(-4).
-4
Let t(d) be the second derivative of d**6/360 + d**5/24 - d**4/4 + 11*d**3/6 + 9*d. Let x(p) be the second derivative of t(p). Give x(-5).
-6
Let s(a) = -5*a - 112. Let v be s(-24). Let r(o) = -o**2 + 7*o + 12. Calculate r(v).
4
Let z(f) = -2*f**2 + 48*f + 53. Let d be z(25). Let h(n) = -2*n**2. Calculate h(d).
-18
Suppose 22*x + 325 = -3*x. Let u(b) = -b + 4. Give u(x).
17
Let p(u) = -5*u**2 - u**3 + 0*u - 4*u - 2*u**2 - 3*u - 1. Let h be (-8 + 8)/(2*-1). Suppose 0 = -5*d - h - 25. Give p(d).
-16
Let l(r) be the first derivative of -2*r - 4 + 2*r**2 - 2*r**3 + 1/4*r**4. Give l(5).
-7
Let s(i) = -4*i**2 + 24*i + 12. Let m be s(6). Let u(o) = 0*o + 246 + m*o - 246. Calculate u(2).
24
Let h(j) = 16*j + 0*j - 8*j - 9*j - 7. Determine h(-11).
4
Let v(q) = -6*q + 6. Let j be (-42)/36 - (-4)/24. Let z(f) = f - 1. Let s(h) = j*v(h) - 5*z(h). What is s(1)?
0
Let l(p) be the third derivative of 0*p**3 + 0 + 0*p + 23*p**2 - 1/24*p**4. Give l(-5).
5
Let j(f) = f + 5. Let x(a) = a**3 - 13*a**2 - 7*a - 7. Let d(h) = 2*h**3 - 26*h**2 - 13*h - 14. Let n(m) = 6*d(m) - 13*x(m). Let g be n(14). What is j(g)?
-2
Let d = 410 + -235. Let t(o) = -174*o**2 + d*o**2 - 3*o - 8 - 4*o. Determine t(7).
-8
Let n(q) = q**2 + 10*q - 14. Suppose 28 = -2*y + 2*f, 0 = -y + 4*y - 2*f + 38. Give n(y).
-14
Let k(t) be the first derivative of t**3/3 + 5*t**2/2 + 3*t + 152. Determine k(-6).
9
Let r(t) = -t**2 - 3*t + 7. Let a(g) = g**2 + 2 - 3*g - 7 + 2. Let y be a(5). Suppose h - 2 = -y. Determine r(h).
-3
Let k(c) = -9*c + 3. Let w(m) be the third derivative of -m**4/24 + 3*m**3/2 + 11*m**2. Let u be w(7). Calculate k(u).
-15
Let p be 1/(4 - (-172)/(-44)). Suppose -p*m = -15*m. Let x(l) = l**2 + l - 6. Determine x(m).
-6
Suppose 3*u + 4*l = 40, 0 = -4*u + 5*l - 0*l + 12. Let k(r) = r**2 - 6*r + 12. Calculate k(u).
28
Suppose 0 = 2*d + 4*b - b + 27, 5*d = -b - 48. Let s(i) = i - 15. Calculate s(d).
-24
Suppose -v + i - 17 = 0, -5*v - 3*i = 52 + 1. Let x(o) = -2*o - 28. Calculate x(v).
-2
Let y(d) = -d**3 + d**2 - 6. Suppose 5*k = 3*g - 21, -12 = -g + 4*k + 2. Let l be g + (-4)/(-4) + -3. Determine y(l).
-6
Let c be 1*-1 + (-6 - -9). Suppose -2*t = c*t - 12. Let d(v) = v**3 + 11*v**2 - 3*v**t + 7*v**3 - 10*v**2. What is d(-1)?
-4
Let h(j) = -5 - 2*j + 3*j**2 + 4 + 4*j. Let a = 10698 + -10700. Calculate h(a).
7
Let b(v) = v**2 + 4*v - 4. Let f be 6/9*9/2 - -2. Let s(w) = w**3 + 3*w**2 - 4. Let y(t) = -t**3 + t**2. Let p(l) = s(l) + 2*y(l). Let u be p(f). What is b(u)?
-4
Suppose -2*k - 1 = 3*h + 15, 0 = 3*h - 3*k + 6. Let d(z) = 178*z - 4 - 172*z + 289*z**2 - 288*z**2. What is d(h)?
-12
Let x(j) = j + 2. Let r(u) = 6*u + 12. Let k(z) = -6*r(z) + 39*x(z). What is k(-3)?
-3
Suppose -p + 18 - 16 = 0. Let s(q) = -2*q**3 + 3*q**2 - q - 2. Let o be s(p). Let h(b) = b**2 + 8*b - 7. What is h(o)?
-7
Suppose 22*i - 165 = 165. Let n(h) = h**3 - 16*h**2 + 14*h + 19. Calculate n(i).
4
Let h(l) = -l**2 - 3*l + 7. Suppose 16*z = 6*z - 50. Let k(v) = 11 + v**3 + v**2 - 2*v**3 + 7*v - 6 - 5*v**2. Let c be k(z). Give h(c).
-3
Suppose 71 = 5*h + 16. Let l = h - 16. Let p(g) = -5*g**2 - g**3 - 24*g + 3 + 24*g. Calculate p(l).
3
Let a(q) be the second derivative of q**4/12 + q**3 - 527*q. Calculate a(-6).
0
Let w(r) = 13 - 864*r - 864*r - 6 + 1725*r. Determine w(5).
-8
Let w(x) = -x**2 - 6*x + 9. Let z = 1633 - 1641. Determine w(z).
-7
Suppose 2*q - 63 = -3*m + 4*q, 0 = -4*q - 12. Let x = 24 - m. Let g(u) = -u**2 + 0*u**2 + 4*u**2 - 2*u**2 - 2 - 8*u. Calculate g(x).
-17
Let f(z) = -z**2 - 3*z + 3. Let s(p) = p**3 - 9*p**2 + 7*p + 5. Suppose -5*l = 4*j - 48 + 4, 5 = l - 3*j. Let c be s(l). Give f(c).
3
Let z(i) be the first derivative of 3/2*i**2 + 16 - 1/3*i**3 + 5*i. Give z(4).
1
Let a be (-3)/(-5 - -2 - -2). Let i be -2 - ((-9)/a + -12). Let u = i - 17. Let o(q) = q**3 + 3*q**2 - 4*q + 2. Calculate o(u).
2
Let b be (8/5)/((20/(-25))/(-2)). Let t(m) = m + 1. Calculate t(b).
5
Let x(i) = 6*i**2 + i - 1. Let j(n) = n**3 + 1 + 0 - n**2 - n + n**2. Let f(r) = -j(r) - x(r). Determine f(-6).
0
Let s be -1 + (3 + -2 - -3). Suppose -3 = -c + s. Let f(b) be the third derivative of b**6/120 - b**5/12 - 5*b**4/24 + 5*b**3/6 - 103*b**2. Determine f(c).
11
Let x(h) = 4*h - 1. Suppose 5*d = 1 + 29. Suppose t + 5*t + d = 0. Determine x(t).
-5
Let z = -12 + 7. Suppose -2*p + m - 2*m = 5, 2*p + 1 = 3*m. Let d(h) = -h**2 + 9*h + 5. Let b(k) = 3*k**2 - 19*k - 10. Let c(r) = p*b(r) - 5*d(r). What is c(z)?
5
Let r(c) = -c**3 - 7*c**2 + 2*c - 18. Let h(l) = l**2 + 3. Let t(b) = 5*h(b) + r(b). Let s = 3 + -1. Give t(s).
-15
Let l(a) be the third derivative of -1/8*a**4 + 32*a**2 + 0 + 0*a - 1/3*a**3. What is l(-2)?
4
Le